5. Let z(r) = 9*r**2 - 1. Calculate z(n).
8
Let t be ((-6)/8)/(1/(-4)). Suppose -6*n + 4 = -4*n. Let l(u) = n + 3 - u - 6. Determine l(t).
-4
Let c(y) = -4*y - 4. Let j(f) = f**2 - 5*f - 5. Suppose 3*u = -3*b - u + 35, -4*u = -20. Let s(i) = b*j(i) - 6*c(i). Give s(-1).
5
Suppose -p = -0*p - c + 3, 0 = -2*p + 5*c. Let i(k) be the second derivative of -k**3/6 - k**2 - 2*k. Give i(p).
3
Let n(o) = 4*o - 34. Let z be n(10). Let l(p) be the third derivative of -2/3*p**3 + 0*p - 1/8*p**4 - 1/120*p**z + 0 - 1/20*p**5 - 2*p**2. What is l(-3)?
5
Let n(c) = 0*c**3 + 1 + 4*c**2 + 3*c - 7 - c**3. Calculate n(4).
6
Let l(z) = -z - 1. Let y(t) be the second derivative of -t**4/12 - 7*t**3/6 - 7*t**2/2 + 10*t. Let i(q) = 6*l(q) - y(q). Determine i(2).
7
Let i = -7 + 10. Let f(a) = 8*a**2 - a**i - 4*a**2 - 1 + 0*a**2. What is f(4)?
-1
Let x(t) = 2*t - 6. Let m be x(3). Let j(d) = d**2 - 4. Calculate j(m).
-4
Let u(f) = -3*f + 1 - 1 + 1. Give u(2).
-5
Suppose -v + 18 = 3*g, -3*g - g + 19 = 3*v. Let o(n) = -5*n**2 - 3*n + 16. Let j(k) = 14*k**2 + 10*k - 47. Let t(p) = 6*j(p) + 17*o(p). Give t(g).
4
Let y(d) = -d**2 + 5*d + 6. Let g = 0 + 3. Let i be 10*2/4 + -3. Suppose -g = -o + i. Determine y(o).
6
Let g(b) = -2*b + b + 0*b - 4. Suppose 7*v - 12 = y + 5*v, -v + 4 = 0. Give g(y).
0
Let i(d) = -d - 2. Let w = -17 - -18. Let t be i(w). Let m(g) = g**2 + 5*g + 3. Give m(t).
-3
Let l(q) = 2*q + 2. Let y = -11 - -7. Let i be (-34)/(-4) - y/(-8). Let x be 19/(-7) + i/(-28). Give l(x).
-4
Suppose -6*s - 5*u = -s, -4*s + 18 = -2*u. Let f(w) be the second derivative of -w**4/12 + w**3/3 + w**2 + 32*w. Determine f(s).
-1
Suppose -3*f = f - 20. Suppose 1 = f*y - 3*c - 8, -5*y - c = 3. Let m(z) = -3*z - 17. Let p(o) = -2*o - 11. Let q(s) = 5*m(s) - 8*p(s). Give q(y).
3
Let l(r) = 34 - 22*r + 34 - 68. Calculate l(1).
-22
Let a(r) = -3*r - 3. Suppose -12 = 2*d - 2*c, -2*c - 30 = 4*d + d. Let o be d/(-3) + -4 - 7. Let j = o + 6. What is a(j)?
6
Let p(g) = -g**2 + 2*g. Let a be p(1). Let t(j) be the first derivative of 7*j**4/4 + j**3/3 + j**2/2 - j + 17. Determine t(a).
8
Let y(l) = l**2 + 6*l + 1. Suppose 4*m - 24 = -4*d, 1 + 0 = -m. Suppose 5*w + d*r = 3*r - 38, -r = 2. Give y(w).
1
Let x(u) = -u - 7. Let f(i) = -i - 7. Let m(y) = -3*f(y) + 2*x(y). Let p(d) = -6*d - 1. Let h be p(-1). Let r = h + -10. Give m(r).
2
Suppose -2*d + 8 = -6*d. Let b be 2*((-6)/4 + 2). Let w(l) = -l + 1 + b - 3 - 2*l. Calculate w(d).
5
Let k(a) = 10*a - 9*a - 10*a + 5 - 11*a. Let q(r) = -7*r + 6. Let p(b) = 7*b - 5. Let u(g) = 4*p(g) + 3*q(g). Let n(v) = 6*k(v) + 17*u(v). Calculate n(0).
-4
Let s be (-2 - 0 - 0)*-2. Let u(l) = l + 2. Determine u(s).
6
Suppose -h - 5*k = -29, -k = -3*h - 6*k + 37. Let y(n) = -n**3 + 4*n**2 + 5. Calculate y(h).
5
Let i(a) be the third derivative of a**4/24 + a**3/3 - 3*a**2. Let u(v) = -v**2 - 6*v + 5. Let f be u(-7). Determine i(f).
0
Suppose -22 = 2*a - 18. Let u(s) = -6*s**2 - 2*s. Give u(a).
-20
Let j(l) = -l - 4. Let b(h) = h**3 - 5*h**2 - 3. Let x be b(5). Let o be (-10)/(-6)*x/(-1). Determine j(o).
-9
Let c(r) = -r**3 - 5*r**2 + 7*r - 4. Let m be (-1 + 2)/((-13)/78). Determine c(m).
-10
Let z(a) be the first derivative of -3*a**2/2 + a - 37. Calculate z(4).
-11
Let a(i) = -3*i**3 - 4*i - 9. Let b(u) = -4*u**3 + u**2 - 5*u - 10. Let p(w) = -5*a(w) + 4*b(w). Give p(4).
5
Let w(a) = -a**3 - 7*a**2 + 9*a + 20. Let z be w(-8). Let l = -9 + z. Let g(o) = -o**2 + 2*o + 1. Give g(l).
-2
Let k(d) = -d**2 - 8*d + 1. Suppose 14 + 26 = -5*g. What is k(g)?
1
Let m(o) = 0*o**2 + 1 + 1 - o**2 + 5 + 5*o. Give m(5).
7
Let w(f) = -f**3 - 4*f**2 - f + 2. Suppose -2*m - 4*i + 2*i = -6, 15 = 5*i. Suppose m = -2*o - 3 - 3. Determine w(o).
-4
Let q(a) be the third derivative of a**5/20 - a**4/8 + a**2. Let b be (-6)/(-2) + (-4 - (3 - 6)). Give q(b).
6
Let i(w) = -w**3 + 4*w**2 + 2*w - 4. Let a be (-294)/(-63) + 2/(-3). What is i(a)?
4
Let v(r) be the second derivative of -r**5/20 + r**4/4 + r**3/6 - r**2/2 - 8*r. Give v(4).
-13
Let x(z) be the third derivative of z**6/120 + z**5/15 + z**4/6 + z**3/2 + 25*z**2. Give x(-2).
3
Let n(c) = c**2 - 9*c - 3. Let h(b) = -2*b**2 + 18*b + 7. Let a(i) = 3*h(i) + 7*n(i). Give a(8).
-8
Let f = 1 - 0. Let c(d) be the first derivative of 5/2*d**2 + d + 2. Determine c(f).
6
Let q(t) = -3*t**3 + t**2 - 1. Let r be (4*(-2)/12)/(2/42). Let k be 0/((-1)/(-1)) - 14. Let o be (-4)/r - 10/k. Calculate q(o).
-3
Let a be 579/(-39) + (-4)/26. Let h = a - -21. Let m(s) = -s**2 + 7*s - 6. Give m(h).
0
Let d(y) be the first derivative of y**4/8 - y**3/2 - y**2/2 + 4. Let i(p) be the second derivative of d(p). Determine i(3).
6
Let u(z) = z**2 - 6*z. Let l = 49 + -43. What is u(l)?
0
Let c(o) be the first derivative of 1/3*o**3 - 2 + 2*o + 5/12*o**4 - 1/2*o**2. Let t(r) be the first derivative of c(r). What is t(1)?
6
Suppose 0 = -2*i - 4*v + 28, v + 8 = i + i. Let m(d) = d + 2. Calculate m(i).
8
Let g(m) = -m**2 - 3. Let z = 26 + -26. Determine g(z).
-3
Suppose 18 = d + 2*d. Let j = 13 - d. Let x(k) = -8*k + j*k - 1 + 3. What is x(-4)?
6
Let t be (-2)/(-5) - (-16)/10. Let j(q) = -1 - 4 - 5*q + 1 - q**t. Calculate j(-4).
0
Let a(j) = 0*j**3 + 8 - 3*j**2 - j**3 - 3*j - 5 + 2*j**3. Let i(c) = c**3 - 4*c**2 + 5*c - 2. Let p be i(3). What is a(p)?
7
Let y(d) = d**2 + 8*d - 13. Let t(m) = 2*m**2 + 23*m - 37. Let x(b) = -6*t(b) + 17*y(b). Give x(1).
4
Let q(u) = -u**2 + 4*u + 3. Let g(m) = -m**2 + 23*m - 18. Let f be g(22). Calculate q(f).
3
Let q(y) = 6 - 46*y + 103*y - y**2 - 54*y. Give q(5).
-4
Suppose 3*x + x - 4 = 0. Let i be (x/(-2))/((-3)/12). Let s(q) = -i - q**2 - 2*q - 3 + 3. Determine s(-2).
-2
Let i(v) = v**3 - 5*v**2 + v - 4. Let a be i(5). Let q(p) be the third derivative of 0*p - 8*p**2 + 1/6*p**3 - 1/12*p**4 + 0 - 1/20*p**5. What is q(a)?
-4
Suppose -z - g = z + 3, -3*g = -z - 19. Let n = 3 + z. Let l(u) = -2*u**2. Determine l(n).
-2
Let d(t) be the second derivative of t**3/6 - t**2 - 2*t. Suppose 0 = 3*m - 8*m + 5. Let p be 0 - m*(-6)/3. Determine d(p).
0
Let f(n) = 10*n - 2. Let s be (19/76)/((-1)/(-8)). Calculate f(s).
18
Let s(w) = -9*w**2 - w + 6*w + 5 - w. Let q(z) = -3 - 3 - 3*z + 2 + 8*z**2. Let b(u) = 5*q(u) + 4*s(u). Calculate b(-1).
3
Let g(n) = -3*n**2 + 2*n**2 + 0*n**2 + 7*n. Let r be g(7). Let j(m) = 4*m**3 - 1 + 4*m**2 - m - 3*m**3 - 3*m**2. Give j(r).
-1
Let f(g) = -2*g - 2. Let t(c) = c + 1. Let s(l) = -2*f(l) - 5*t(l). Suppose -m + 5*m = 48. Let n be (8/6)/(8/m). What is s(n)?
-3
Let s(j) = j + 1. Let g be ((-36)/24)/(6/(-28)). Calculate s(g).
8
Let a(b) = -11*b - 21. Let k = 6 - 19. Let t(x) = -5*x - 10. Let w(o) = k*t(o) + 6*a(o). Give w(0).
4
Let r(d) = -d**2 + d. Let s be -2 + 1 + (1 - 0). Suppose v = -s*a - a - 2, -5*v = -2*a + 17. Let k(g) = g. Let n be k(a). Give r(n).
0
Let l(f) = f**3 + 5*f**2 + 3*f + 3. Let j = -7 + 10. Let n = -1 - j. Calculate l(n).
7
Let n(a) = -4*a - 4. Let y be n(-3). Suppose 3*r - r + y = 0. Let t(l) be the first derivative of l**2/2 - l + 31. Calculate t(r).
-5
Let y(b) = -2*b - 3. Let d(s) = -2*s - 4. Let n(q) = 3*d(q) - 4*y(q). Give n(4).
8
Let r(y) = -y**3 - 5*y**2 - 2*y + 3. Suppose 6*b - 11*b = 20. Give r(b).
-5
Let f = -3 - -5. Let s be f/5 - (-39)/15. Let z(u) = 0 - u**2 - s + 0*u**2 + 2*u. What is z(2)?
-3
Let d(j) be the first derivative of j**2/2 - 3*j + 5. Let k be (-8)/3*(-12)/8. Give d(k).
1
Let g(n) = 10*n + n - 2*n - 4*n + 1. Let y(o) = o - 6. Suppose -4*t + 2*t + 10 = 0. Let q be y(t). What is g(q)?
-4
Suppose -1 - 6 = -4*j + i, 0 = -4*j - 4*i - 8. Let b(o) = 10*o**3 - 3*o**3 + 15*o - 16*o. Calculate b(j).
6
Let k(u) = u**2 + u + 1. Let q(v) = 4*v**2 - 2*v. Let d(m) = -5*k(m) + q(m). Give d(-6).
1
Let l(v) = v**3 - 6*v**2 + 3*v + 2. Let x be (-40)/6*18/(-24). Determine l(x).
-8
Let i(v) be the first derivative of v**4/4 + v**3 + v**2/2 - 4*v + 3. Suppose 2*a - 13 = c, 0 = -a - 4*a + 25. Calculate i(c).
-7
Suppose 252 = 5*s - 148. Let h be (12/10)/(24/s). Let o(n) = n**2 + n - 5. Determine o(h).
15
Let a(o) = o**3 + 6*o**2 + 5*o - 2. Suppose 4*l + 23 = 3. Give a(l).
-2
Let l(w) = w**2 - 9*w + 10. Let j be l(8). Let v(g) = -g - 6 - 2*g + 4*g**2 - 3*g**j. Suppose 5*m + 35 = 3*c, -5*c - 2*m + 21 = -m. Calculate v(c).
4
Let y(u) = u - 1. Let l be 4/(-14) - 23/(-7). Suppose -c - 1 =